+ 6) - -1.
-4
What is (-3 + -11 - (-6 - 9)) + (-2 - 10)?
-11
Calculate 72 + -62 + -5 + 4 + -6.
3
What is the value of -9 + -5 + 13 + 10?
9
Evaluate 40 + -13 - 25 - (-1 + (1 - -6)).
-4
Evaluate (3 - 11) + 24 + 6 + -10 + -2.
10
Calculate 3 + -3 + -3 + (-6 - -24) + -7.
8
Evaluate -14 - (-29 + 17) - (-10 - 3).
11
Evaluate 2 - (1 - -15) - (17 - 16).
-15
What is the value of 49 + (19 - 3 - 52)?
13
What is the value of -17 - ((0 - (1 + 6)) + -16)?
6
-39 - -42 - (-4 + 6 - 6)
7
Evaluate (-3 - 0) + (-22 - (9 + -43)).
9
Evaluate -5 + (-4 + (5 - 3) - -1) + -1.
-7
What is -10 + (-1 - (9 + -8 + 12))?
-24
-2 + 18 + -11 + -2 + -1 + -7
-5
Evaluate -8 - (59 + -60 - (2 + 8)).
3
14 + (2 - 1 - (38 + -34))
11
20 + -23 - (-1 + -42 - -9)
31
What is (-1 - (16 - 19) - 17) + -16?
-31
What is the value of -6 + -3 + 1 + (-1 - -2)?
-7
What is the value of 32 - (-22 - (-39 + -6))?
9
What is 10 + -13 + (-5 - (-25 + 11))?
6
6 + (28 - (-3 - -2 - -10)) + -8
17
What is 27 + (-24 - -4) + 7?
14
0 + 22 - ((19 - -11) + -7 + -16)
15
-1 - 1 - ((5 - -6) + -34 + 35)
-14
Evaluate 4 + -46 + 17 - -8.
-17
What is 34 + -16 + (-18 - -12)?
12
Evaluate 39 + 5 - (5 - (4 + (5 - 15))).
33
What is 0 + -6 + 11 + 4?
9
What is -20 + 15 + (26 - (6 - 3))?
18
6 - (15 + 0 + -4)
-5
What is -23 + 4 - (20 - 18)?
-21
Calculate -13 - (-2 - (12 - (11 - (5 - -1)))).
-4
14 + (8 - (10 + 18))
-6
55 - 40 - (2 - 2)
15
What is the value of 1 + -3 + (58 - 54) + 0 + -1?
1
Calculate (-16 - -13) + 22 + -5.
14
What is 2 + (-3 - (-5 + 12) - (-46 + 38))?
0
Evaluate -3 - (1 - 9 - (1 - 4)) - 2.
0
What is 5 + 9 - (3 + -8 - -7)?
12
Evaluate 7 - (-1 + (-10 - (-2 + -3) - -3)).
10
Evaluate (10 - (2 + -1)) + 2 + 1.
12
Evaluate 5 - (-4 - -12) - (-5 + -4 - -4).
2
-34 + (20 - (-34 + 4))
16
Evaluate (-2 - -17) + -5 + -2 + 3 + 3.
14
Evaluate 15 + -12 + 28 + -32.
-1
What is -41 + 26 - (-3 + -4 - 1)?
-7
What is -12 - 1 - (442 - 447)?
-8
What is the value of (3 - (-3 - -5)) + -285 + 274?
-10
What is ((5 - -8) + 0 - 7) + -3?
3
What is the value of -732 + 726 - (7 - (2 - 0))?
-11
(1 - 5 - (-157 - -149)) + -17
-13
Calculate (-13 - (3 + -9 - -3)) + (506 - 499).
-3
Calculate 17 + -45 - -28 - 3.
-3
-8 + 21 + -23 - -9
-1
What is 6 + -14 + (1 - -11 - 4)?
0
14 - (-8 - (-23 + 7))
6
What is -2 + (21 - 1) + -23 + 12?
7
(10 - 6) + (-5 - (7 - 9)) + 5
6
Calculate -27 + 30 - (-4 - -2) - (22 - 1).
-16
What is -6 + (-5 - -35 - -1) - (-2 - -8)?
19
Evaluate 23 + (-8 - (16 - (5 + 0))).
4
What is the value of 19 - 53 - (4 - 39)?
1
-16 + 1 - (692 - 728)
21
Calculate (1 - (2 + -3 + 3 + -4)) + -1.
2
Evaluate (-8 - 7 - -19 - (-5 + 1)) + -28.
-20
What is the value of 7 + (-20 - (-4 - 1)) + 5 + 3?
0
What is (-9 - (14 - 36)) + 4?
17
-16 - (16 - (17 - -15)) - (0 + 5)
-5
What is the value of 15 - 7 - (32 - 26)?
2
5 + (-3 - -19) - 13 - -8
16
Evaluate 12 + (62 - 41) - 69.
-36
4 + -8 + 1 + 0 - (-31 + -13)
41
What is -18 - -40 - (15 + -2)?
9
What is the value of (2 - 2) + (11 - (-9 + 31 + 2))?
-13
Calculate 725 - 724 - (-1 - 24).
26
-19 + 11 + 5 - (-2 + 2 + -7)
4
-11 + (5 - 6) - (-4 + -1)
-7
What is the value of (22 - (-10 + 15)) + -5?
12
Calculate 1 - -3 - (8 + -30 - -9 - 0).
17
What is (-12 - (-11 + -5)) + (-1 - 9) + 2?
-4
What is (-23 - -28) + (-9 - (-1 + 3))?
-6
Calculate -7 + -6 + 16 + 7.
10
Evaluate (-1 - -5 - 5) + -9 + -13 + 5.
-18
-3 + (-12 - -11) + 8 + -1 + 1
4
What is the value of (0 - (5 + 8)) + -13 + 21 + -1?
-6
What is the value of -7 + 9 + (-10 - -10) + -1?
1
What is the value of 3 + 0 + (32 + -6 - 8) + -5?
16
What is -12 - (-4 + (8 - 0) - (-1 - -7))?
-10
Evaluate 10 + (5 + 6 - (24 + 8)).
-11
What is -1 + 19 + 2 + 5 - (1 - -2)?
22
Evaluate (-11 - -4) + (5 + (-3 - 6) - -21).
10
Calculate (43 - 10) + (29 - 48).
14
What is the value of -17 - (4 + (18 - 5)) - (3 - 11)?
-26
What is the value of (-3 - 7 - -15) + -10?
-5
-30 - -36 - (-5 + (1 - 0))
10
What is 3 + -7 + (56 - 65 - (9 + -1))?
-21
Evaluate (-23 - -29) + (-17 - (-2 + (5 - 2))).
-12
Evaluate -3 + (-1 + 16 - (-55 + 60)).
7
What is the value of -20 + (0 - 0) - (-497 - -491)?
-14
What is the value of (1 - (-1 + -1)) + -4 + 5 + -7?
-3
What is 3 + (11 - (-5 - -15) - 35)?
-31
Calculate -1 + 1 - -22 - (49 - 38) - -3.
14
What is -9 - -11 - -14 - 30?
-14
Calculate 0 + 2 - (5 + 20 + -20).
-3
-11 + (-20 - -28 - 10)
-13
Evaluate -2 + 0 - (20 - (6 + 7 + 1)).
-8
(-8 + 6 + 13 - 5) + 0 - 1
5
Evaluate -76 + (13 - 61 - -90).
-34
Evaluate -22 + 0 + (-15 - (14 - 28)).
-23
Calculate (1 - 7) + (3597 - 3587).
4
What is the value of (-33 - -2 - 5) + (3 - -1 - -1)?
-31
Evaluate -12 - (0 + (-9 - 5)).
2
Evaluate (30 - 15) + -20 - (12 - (-5 - 4)).
-26
Evaluate -14 + 22 - (6 + -3 + 3) - 1.
1
Evaluate 10 + 10 + -19 + -8.
-7
Evaluate (3 - -8 - 13) + 32 + -10.
20
Evaluate -17 + 0 + (-3 + (-4 - -5) - 5).
-24
What is the value of -28 - (7 - 6) - (-17 - (-1 - 10))?
-23
Calculate 6 - 22 - (-62 + 42).
4
Evaluate (-70 - (-34 - -3)) + 15.
-24
Calculate 12 - (-4 - (1 + 3 - 13 - 3)).
4
What is the value of 47 + -41 + -16 + (-2 - 0)?
-12
Calculate -4 + 1 + 1 + -58 + 59.
-1
What is -15 + -6 + (-1 - (5 - 3) - 4)?
-28
-3 - (23 + 1 - (-157 + 165))
-19
Calculate (17 - -2) + 1 - (-13 + -4 + 20).
17
(-2 - 4) + 4 + 0
-2
21 + (-1 - 35) + (4 - -9)
-2
Evaluate -7 - (-3 - 3 - (1 + (-9 - -3))).
-6
Evaluate 18 + (-18 - -27) + -46.
-19
-12 + -5 + 15 - (9 + 0 + 2)
-13
Evaluate -13 - (-11 - 14 - 0).
12
Evaluate 8 + (-8 + (11 - 5) - 17).
-11
Calculate 25 + -31 - ((2 - -1) + -14 + 4).
1
Evaluate -15 + 4 + -1 + (22 - 2).
8
Evaluate -34 - (-11 - (14 - 14 - (15 - 3))).
-35
Calculate (-11 + (0 - (4 + -16)) - 2) + -7.
-8
(-117 - -131) + (4 + -6 - (-1 + 3))
10
What is the value of -77 + 88 - (-2 - -12)?
1
What is 10 + 137 + -137 + (0 - 10)?
0
Calculate 0 + -1 - -2 - (-263 - -254).
10
What is (8 - 1 - 11) + -30 + 30?
-4
What is 67 + -52 - (8 - (1 - -1))?
9
What is the value of -8 + -1 + 5 + (46 - 49)?
-7
What is the value of (-4 - (5 - 2)) + (12 + -13 - -6)?
-2
Calculate (7 - 8) + -1 + (-3 - 1).
-6
Evaluate 12 + -36 + 16 + 10.
2
Calculate (7 - -2) + (11 - 9) + 0.
11
What is the value of (-4 - 21 - (-3 + 0)) + 385 + -388?
-25
Evaluate -13 - (-10 - -5 - 1) - 11.
-18
Calculate (-11 - -1) + (-16 - -6) + (17 - 2).
-5
(-13 - 1) + (-24 + 30 - (0 + 0))
-8
Evaluate -7 + (2 - 4) - -19 - (3 - 5).
12
(-1 + 2 - (117 + -131)) + -1
14
What is the value of 6 - (5 - (-8 - -7 - -3))?
3
(6 - -1) + (-1 - ((14 - 17) + 17))
-8
Evaluate 10 - -1 - (7 + -17 + 6).
15
(-162 - -135) + -1 + 19
-9
Evaluate -1 - 29 - (-49 - -33).
-14
Evaluate (18 - (-19 - -48)) + 18 + (1 - -15).
23
Calculate -19 + 2 + (165 - 158) + 21.
11
Calculate 11 - (20 - 6) - -2 - -11.
10
Calculate (9 + -1 - 22) + -4.
-18
Calculate (2 - 0) + (-25 - (11 + -14 + -5)).
-15
Calculate (3 - 9) + (78 - 85).
-13
Calculate -12 + 4 - (-6 + 13).
-15
What is the value of (243 - 220) + 0 + -31?
-8
Calculate 0 - (20 + -1 - (9 - 0)) - 6.
-16
Calculate 1 - (0 - (0 - 2) - (-7 - -6)).
-2
Calculate -16 - (-5 + (0 - (-2 + 0))).
-13
What is the value of -2 + 1 + (-1 - 3) + 10 - 14?
-9
-26 + 26 + (4 - -4)
8
Calculate -3 + 50 + -39 + 5.
13
2 + (-11 - 1) - -9
-1
Calculate -9 - -2 - ((2 - -3) + -2).
-10
Evaluate -51 - -60 - (-2 + -1 + -1).
13
Evaluate -13 - ((-12 - (0 - 8) - 8) + 8).
-9
What is the value of -7 + 24 + -8 + 1?
10
10 - (43 + -51 + 2 + 0)
16
What is 1 + -12 + (-17 - 7 - (-58 - -38))?
-15
What is the value of 4 + -6 + (3 - (5 + 0) - -3)?
-1
Calculate 3 - (2 + -1 + -11 + 1 + 26).
-14
Calculate -10 + 17 + -10 + 10.
7
Calculate (-64 - -90) + -20 + 0.
6
What is (-3 - (5 - -1)) + 4 - 4?
-9
What is 13 + (-14 - 18) + 14?
-5
Evaluate 32 + -10 - 18 - (2 - 4 - 0).
6
What is the value of 1 + -10 + -2 - (-116 - -115)?
-10
What is 7 + (51 - 59 - (6 - (1 + 0)))?
-6
10 - -17 - 18 - 1
8
What is -3 - (-9 - -7) - (-6 - -3)?
2
What is -11 + 4 + 25 + -13?
5
Calculate (14 - (-12 + 41)) + 24.
9
(69 - (39 - 11)) + -29
12
Evaluate -14 - -8 - (-9 + 2 - 0 - -4).
-3
Evaluate 3 - (-7 + 7 - 0) - (5 - 1).
-1
Evaluate (-2 - -2) + -4 + 29 + -12 + -32.
-19
Calculate 2 + -2 + 0 + (135 - 83) - 12.
40
Calculate -5 - (4 - (-5 - -12) - (23 - 3)).
18
Calculate 12 + (3 - -6 - 9) - 21.
-9
Calculate -12 + (18 - 27) + 19.
-2
14 + -26 - -21 - ((2 - 5) + 0)
12
What is (-2 - -4) + -14 + (7 - 5)?
-10
What is -10 + 2 + 5 - ((-6 - -4) + 5)?
-6
What is -1 + 6 + 8 + -16?
-3
What is (6 - 7 - 